{"id":69,"date":"2020-01-27T08:05:29","date_gmt":"2020-01-27T08:05:29","guid":{"rendered":"https:\/\/demosites.io\/web-agency-gb\/?page_id=69"},"modified":"2024-01-04T14:32:00","modified_gmt":"2024-01-04T14:32:00","slug":"15c42-web-agency-gb-portfolio","status":"publish","type":"page","link":"https:\/\/colcopy.com\/?page_id=69","title":{"rendered":"Portfolio"},"content":{"rendered":"\n<div class=\"wp-block-cover alignfull\" style=\"min-height:600px;aspect-ratio:unset;\"><span aria-hidden=\"true\" class=\"wp-block-cover__background has-nv-light-bg-background-color has-background-dim-100 has-background-dim\"><\/span><div class=\"wp-block-cover__inner-container is-layout-flow wp-block-cover-is-layout-flow\">\n<div class=\"wp-block-group\"><div class=\"wp-block-group__inner-container is-layout-flow wp-block-group-is-layout-flow\">\n<div class=\"wp-block-columns alignwide are-vertically-aligned-center is-layout-flex wp-container-core-columns-is-layout-9d6595d7 wp-block-columns-is-layout-flex\">\n<div class=\"wp-block-column is-vertically-aligned-center is-layout-flow wp-block-column-is-layout-flow\" style=\"flex-basis:50%\">\n<figure class=\"wp-block-image size-large is-resized\"><img loading=\"lazy\" decoding=\"async\" width=\"1024\" height=\"683\" src=\"https:\/\/colcopy.com\/wp-content\/uploads\/2024\/01\/1-1024x683.png\" alt=\"\" class=\"wp-image-468\" style=\"width:537px;height:auto\" srcset=\"https:\/\/colcopy.com\/wp-content\/uploads\/2024\/01\/1-1024x683.png 1024w, https:\/\/colcopy.com\/wp-content\/uploads\/2024\/01\/1-300x200.png 300w, https:\/\/colcopy.com\/wp-content\/uploads\/2024\/01\/1-768x512.png 768w, https:\/\/colcopy.com\/wp-content\/uploads\/2024\/01\/1-1536x1024.png 1536w, https:\/\/colcopy.com\/wp-content\/uploads\/2024\/01\/1-2048x1365.png 2048w, https:\/\/colcopy.com\/wp-content\/uploads\/2024\/01\/1-930x620.png 930w\" sizes=\"auto, (max-width: 1024px) 100vw, 1024px\" \/><\/figure>\n\n\n\n<div style=\"height:24px\" aria-hidden=\"true\" class=\"wp-block-spacer\"><\/div>\n\n\n\n<h3 class=\"wp-block-heading has-text-align-center has-neve-text-color-color has-text-color\">VENTA DE FOTOCOPIADORAS MULTIFUNCIONALES E IMPRESORAS<\/h3>\n\n\n\n<p><mark style=\"background-color:rgba(0, 0, 0, 0)\" class=\"has-inline-color has-nv-dark-bg-color\">COLCOPY con 23 a\u00f1os de trayectoria y experiencia en productos de la l\u00ednea digital marca RICOH, y como importadores directos podemos ofrecerles diferentes modelos de Fotocopiadoras e Impresoras Multifuncionales marca RICOH de \u00faltima tecnolog\u00eda. Cada compra de equipos multifuncionales queda respaldada, considerando que las m\u00e1quinas que ofrecemos son previamente escogidas y revisadas tanto en origen como en destino por nuestro departamento comercial, lo cual nos diferencia de otras empresas.<br>Hacemos reposici\u00f3n de su m\u00e1quina usada, para que disfrute de todos los nuevos beneficios que ofrecen los equipos multifuncionales m\u00e1s modernos. Ofrecemos garant\u00eda normal y extendida a cada equipo que comercializamos, dando tranquilidad a nuestros clientes en el tiempo y seguridad en su compra. Disponemos de personal altamente calificado para garantizarle un excelente servicio de postventa, le brindamos una garant\u00eda de 12 meses por defectos de fabricaci\u00f3n y le obsequiamos tres meses de mantenimiento sin costo, posteriormente le ofrecemos nuestros contratos y\/o p\u00f3lizas de mantenimiento. Somos importadores de Equipos Multifuncionales, Repuestos y Partes RICOH, lo que nos permite ofrecer una amplia variedad de productos y servicios enfocados desde el negocio de centros de copiado, siguiendo con las PYMES, hasta las grandes empresas y corporaciones. En COLCOPY estamos comprometidos con nuestros clientes, satisfaciendo cada una de sus necesidades y excediendo sus expectativas, buscando mejores equipos que optimicen los procesos, reduciendo los costos y logrando la excelencia en el servicio.<\/mark><\/p>\n<\/div>\n\n\n\n<div class=\"wp-block-column is-vertically-aligned-center is-layout-flow wp-block-column-is-layout-flow\" style=\"flex-basis:50%\">\n<figure class=\"wp-block-image size-large\"><img loading=\"lazy\" decoding=\"async\" width=\"1024\" height=\"683\" src=\"https:\/\/colcopy.com\/wp-content\/uploads\/2023\/07\/IMG_0914-1024x683.jpg\" alt=\"\" class=\"wp-image-385\" srcset=\"https:\/\/colcopy.com\/wp-content\/uploads\/2023\/07\/IMG_0914-1024x683.jpg 1024w, https:\/\/colcopy.com\/wp-content\/uploads\/2023\/07\/IMG_0914-300x200.jpg 300w, https:\/\/colcopy.com\/wp-content\/uploads\/2023\/07\/IMG_0914-768x512.jpg 768w, https:\/\/colcopy.com\/wp-content\/uploads\/2023\/07\/IMG_0914-1536x1024.jpg 1536w, https:\/\/colcopy.com\/wp-content\/uploads\/2023\/07\/IMG_0914-2048x1365.jpg 2048w, https:\/\/colcopy.com\/wp-content\/uploads\/2023\/07\/IMG_0914-930x620.jpg 930w\" sizes=\"auto, (max-width: 1024px) 100vw, 1024px\" \/><\/figure>\n\n\n\n<div style=\"height:16px\" aria-hidden=\"true\" class=\"wp-block-spacer\"><\/div>\n\n\n\n<h3 class=\"wp-block-heading has-text-align-center has-neve-text-color-color has-text-color\">SERVICIO TECNICO<\/h3>\n\n\n\n<p class=\"has-nv-dark-bg-color has-text-color has-link-color wp-elements-adbc667a5ae5c24fc382da5afd234dca\">Para asegurar la continuidad a todos los procesos de reproducci\u00f3n grafica de su negocio o empresa, COLCOPY dispone de personal capacitado para atender sus requerimientos de servicio t\u00e9cnico, garantizando el correcto y oportuno funcionamiento de cada uno de sus equipos. Nuestra infraestructura de servicio t\u00e9cnico est\u00e1 dise\u00f1ada para atender a nuestros clientes eficientemente. Contamos con stock de repuesto, equipos de respaldo y con el personal especializado dispuesto a apoyarlo en su labor diaria. Un buen mantenimiento generara que la vida \u00fatil del equipo se prolongue durante mucho tiempo y que no se presenten contratiempos justo cuando m\u00e1s lo necesitamos. Por esto en COLCOPY le vamos a proponer un mantenimiento integral de todos sus equipos de impresi\u00f3n para que las<br>funcionalidades del mismo se mantengan como el primer d\u00eda que entr\u00f3 a formar parte de su organizaci\u00f3n.<\/p>\n\n\n\n<p class=\"has-nv-dark-bg-color has-text-color has-link-color wp-elements-87e3727c5347fe67a04fdec3da2b9b24\"><br>Ofrecemos servicios preventivos y correctivos:<br>&#8211; Servicio T\u00e9cnico puntual por 2 horas.<br>&#8211; Servicio de mantenimiento (garant\u00eda de 1 mes).<br>&#8211; P\u00f3lizas de Mantenimiento Mensual.<br>&#8211; Soporte telef\u00f3nico (clientes actuales).<\/p>\n\n\n\n<div style=\"height:40px\" aria-hidden=\"true\" class=\"wp-block-spacer\"><\/div>\n<\/div>\n<\/div>\n<\/div><\/div>\n<\/div><\/div>\n\n\n\n<div id=\"wp-block-themeisle-blocks-advanced-columns-1730eaef\" class=\"wp-block-themeisle-blocks-advanced-columns has-1-columns has-desktop-equal-layout has-tablet-equal-layout has-mobile-equal-layout has-vertical-unset\"><div class=\"wp-block-themeisle-blocks-advanced-columns-overlay\"><\/div><div class=\"innerblocks-wrap\">\n<div id=\"wp-block-themeisle-blocks-advanced-column-04fe2500\" class=\"wp-block-themeisle-blocks-advanced-column\">\n<div class=\"wp-block-cover alignfull\"><span aria-hidden=\"true\" class=\"wp-block-cover__background has-background-dim\"><\/span><img loading=\"lazy\" decoding=\"async\" width=\"1024\" height=\"356\" class=\"wp-block-cover__image-background wp-image-488\" alt=\"\" src=\"https:\/\/colcopy.com\/wp-content\/uploads\/2024\/01\/5-1024x356.png\" data-object-fit=\"cover\" srcset=\"https:\/\/colcopy.com\/wp-content\/uploads\/2024\/01\/5-1024x356.png 1024w, https:\/\/colcopy.com\/wp-content\/uploads\/2024\/01\/5-300x104.png 300w, https:\/\/colcopy.com\/wp-content\/uploads\/2024\/01\/5-768x267.png 768w, https:\/\/colcopy.com\/wp-content\/uploads\/2024\/01\/5.png 1273w\" sizes=\"auto, (max-width: 1024px) 100vw, 1024px\" \/><div class=\"wp-block-cover__inner-container is-layout-flow wp-block-cover-is-layout-flow\">\n<p class=\"has-text-align-center has-large-font-size\">Renta de equipos \/ (outsourcing)<\/p>\n<\/div><\/div>\n<\/div>\n<\/div><\/div>\n\n\n\n<div style=\"height:20px\" aria-hidden=\"true\" class=\"wp-block-spacer\"><\/div>\n\n\n\n<p class=\"has-text-align-left\"><mark style=\"background-color:rgba(0, 0, 0, 0)\" class=\"has-inline-color has-nv-dark-bg-color\">Actualmente la mayor\u00eda de las empresas buscan optimizar tiempo y dinero en todos sus procesos, por esto COLCOPY busca satisfacer las necesidades de sus clientes ofreciendo una manera eficiente de ganar tiempo y ahorrar dinero, alquilando los equipos multifuncionales. Con el servicio de renta o alquiler se busca que el cliente se desentienda de la compra, reparaciones, repuestos, mantenimiento de los equipos de impresi\u00f3n\/copiado y de la administraci\u00f3n de los consumibles. COLCOPY se encargara de la instalaci\u00f3n, configuraci\u00f3n e implementaci\u00f3n de la soluci\u00f3n, as\u00ed como de proveer todos los suministros requeridos y el soporte t\u00e9cnico. El cliente solo debe colocar papel y copias, imprimir o escanear. En otras palabras el cliente paga b\u00e1sicamente por lo que imprime, copie y escane\u00e9 cada mes (por su consumo), sin tener que hacer compra de activos fijos, ni desgastarse en el mantenimiento de los mismos.<\/mark><\/p>\n\n\n\n<p class=\"has-text-align-left has-neve-link-color-color has-text-color has-link-color has-medium-font-size wp-elements-05260ba3faaf929ac4012835432b6712\"><mark style=\"background-color:rgba(0, 0, 0, 0)\" class=\"has-inline-color has-nv-dark-bg-color\"><strong>VENTAJAS DE LA RENTA (OUTSOURCING)<\/strong><br>COLCOPY con su amplia experiencia asegura que su organizaci\u00f3n logre los siguientes beneficios espec\u00edficos implementando el programa de Outsourcing en la Administraci\u00f3n Integral de los procesos de copiado e impresi\u00f3n digital:<\/mark><\/p>\n\n\n\n<ol class=\"has-nv-dark-bg-color has-text-color has-link-color wp-block-list wp-elements-d58733f5ee7d445d17590bd898628c7e\">\n<li><mark style=\"background-color:rgba(0, 0, 0, 0)\" class=\"has-inline-color has-nv-dark-bg-color\">Contar con una soluci\u00f3n de alta capacidad de copiado, impresi\u00f3n, esc\u00e1ner<br>y fax, soportada por un programa que garantice el funcionamiento<br>permanente de la misma mediante el suministro de todos los productos y<br>servicios (consumibles, mantenimiento, garant\u00edas, etc.)<\/mark><\/li>\n\n\n\n<li><mark style=\"background-color:rgba(0, 0, 0, 0)\" class=\"has-inline-color has-nv-dark-bg-color\">Sin depreciaci\u00f3n de equipos.<\/mark><\/li>\n\n\n\n<li><mark style=\"background-color:rgba(0, 0, 0, 0)\" class=\"has-inline-color has-nv-dark-bg-color\">Sin incrementar el nivel de endeudamiento de su compa\u00f1\u00eda<\/mark><\/li>\n\n\n\n<li><mark style=\"background-color:rgba(0, 0, 0, 0)\" class=\"has-inline-color has-nv-dark-bg-color\">Sin generar costos adicionales por conceptos de servicio t\u00e9cnico ni<br>repuestos.<\/mark><\/li>\n\n\n\n<li><mark style=\"background-color:rgba(0, 0, 0, 0)\" class=\"has-inline-color has-nv-dark-bg-color\">Permite que la empresa se enfoque en su objetivo empresarial.<\/mark><\/li>\n\n\n\n<li><mark style=\"background-color:rgba(0, 0, 0, 0)\" class=\"has-inline-color has-nv-dark-bg-color\">Posibilidad de recambio de equipos de acuerdo a futuras necesidades de<br>su empresa sin costo.<\/mark><\/li>\n\n\n\n<li><mark style=\"background-color:rgba(0, 0, 0, 0)\" class=\"has-inline-color has-nv-dark-bg-color\">Evitar el riesgo de obsolescencia tecnol\u00f3gica.<\/mark><\/li>\n\n\n\n<li><mark style=\"background-color:rgba(0, 0, 0, 0)\" class=\"has-inline-color has-nv-dark-bg-color\">Reducir los gastos de operaci\u00f3n (proceso adquisitivo, manejo de<br>inventarios, despacho, vencimiento de los insumos, distribuci\u00f3n, p\u00e9rdida<br>en inventarios, costo f\u00edsico de bodega)<\/mark>.<\/li>\n\n\n\n<li><mark style=\"background-color:rgba(0, 0, 0, 0)\" class=\"has-inline-color has-nv-dark-bg-color\">Reducci\u00f3n de costos directos (administraci\u00f3n, distribuci\u00f3n,<br>contabilizaci\u00f3n).<\/mark><\/li>\n\n\n\n<li><mark style=\"background-color:rgba(0, 0, 0, 0)\" class=\"has-inline-color has-nv-dark-bg-color\">Sin desviar los recursos de capital de trabajo en la adquisici\u00f3n de equipos<br>que no son propios de su actividad comercial.<\/mark><\/li>\n<\/ol>\n\n\n\n<p><mark style=\"background-color:rgba(0, 0, 0, 0)\" class=\"has-inline-color has-nv-dark-bg-color\">Actualmente la mayor\u00eda de las empresas buscan optimizar tiempo y dinero en<br>todos sus procesos, por esto COLCOPY busca satisfacer las necesidades de<br>sus clientes ofreciendo una manera eficiente de ganar tiempo y ahorrar<br>dinero, alquilando los equipos multifuncionales.<br>Con el servicio de renta o alquiler se busca que el cliente se desentienda de la<br>compra, reparaciones, repuestos, mantenimiento de los equipos de<br>impresi\u00f3n\/copiado y de la administraci\u00f3n de los consumibles.<br>COLCOPY se encargara de la instalaci\u00f3n, configuraci\u00f3n e implementaci\u00f3n de la<br>soluci\u00f3n, as\u00ed como de proveer todos los suministros requeridos y el soporte<br>t\u00e9cnico. El cliente solo debe colocar papel y copias, imprimir o escanear.<br>En otras palabras el cliente paga b\u00e1sicamente por lo que imprime, copie y<br>escane\u00e9 cada mes (por su consumo), sin tener que hacer compra de activos<br>fijos, ni desgastarse en el mantenimiento de los mismos.<\/mark><\/p>\n\n\n\n<p><mark style=\"background-color:rgba(0, 0, 0, 0)\" class=\"has-inline-color has-nv-dark-bg-color\">VENTAJAS DE LA RENTA (OUTSOURCING)<br>COLCOPY con su amplia experiencia asegura que su organizaci\u00f3n logre los<br>siguientes beneficios espec\u00edficos implementando el programa de Outsourcing en<br>la Administraci\u00f3n Integral de los procesos de copiado e impresi\u00f3n digital:<\/mark><\/p>\n\n\n\n<ol class=\"has-nv-dark-bg-color has-text-color has-link-color wp-block-list wp-elements-d58733f5ee7d445d17590bd898628c7e\">\n<li><mark style=\"background-color:rgba(0, 0, 0, 0)\" class=\"has-inline-color has-nv-dark-bg-color\">Contar con una soluci\u00f3n de alta capacidad de copiado, impresi\u00f3n, esc\u00e1ner<br>y fax, soportada por un programa que garantice el funcionamiento<br>permanente de la misma mediante el suministro de todos los productos y<br>servicios (consumibles, mantenimiento, garant\u00edas, etc.)<\/mark><\/li>\n\n\n\n<li><mark style=\"background-color:rgba(0, 0, 0, 0)\" class=\"has-inline-color has-nv-dark-bg-color\">Sin depreciaci\u00f3n de equipos.<\/mark><\/li>\n\n\n\n<li><mark style=\"background-color:rgba(0, 0, 0, 0)\" class=\"has-inline-color has-nv-dark-bg-color\">Sin incrementar el nivel de endeudamiento de su compa\u00f1\u00eda<\/mark><\/li>\n\n\n\n<li><mark style=\"background-color:rgba(0, 0, 0, 0)\" class=\"has-inline-color has-nv-dark-bg-color\">Sin generar costos adicionales por conceptos de servicio t\u00e9cnico ni<br>repuestos.<\/mark><\/li>\n\n\n\n<li><mark style=\"background-color:rgba(0, 0, 0, 0)\" class=\"has-inline-color has-nv-dark-bg-color\">Permite que la empresa se enfoque en su objetivo empresarial.<\/mark><\/li>\n\n\n\n<li><mark style=\"background-color:rgba(0, 0, 0, 0)\" class=\"has-inline-color has-nv-dark-bg-color\">Posibilidad de recambio de equipos de acuerdo a futuras necesidades de<br>su empresa sin costo.<\/mark><\/li>\n\n\n\n<li><mark style=\"background-color:rgba(0, 0, 0, 0)\" class=\"has-inline-color has-nv-dark-bg-color\">Evitar el riesgo de obsolescencia tecnol\u00f3gica.<\/mark><\/li>\n\n\n\n<li><mark style=\"background-color:rgba(0, 0, 0, 0)\" class=\"has-inline-color has-nv-dark-bg-color\">Reducir los gastos de operaci\u00f3n (proceso adquisitivo, manejo de<br>inventarios, despacho, vencimiento de los insumos, distribuci\u00f3n, p\u00e9rdida<br>en inventarios, costo f\u00edsico de bodega)<\/mark>.<\/li>\n\n\n\n<li><mark style=\"background-color:rgba(0, 0, 0, 0)\" class=\"has-inline-color has-nv-dark-bg-color\">Reducci\u00f3n de costos directos (administraci\u00f3n, distribuci\u00f3n,<br>contabilizaci\u00f3n).<\/mark><\/li>\n\n\n\n<li><mark style=\"background-color:rgba(0, 0, 0, 0)\" class=\"has-inline-color has-nv-dark-bg-color\">Sin desviar los recursos de capital de trabajo en la adquisici\u00f3n de equipos<br>que no son propios de su actividad comercial.<\/mark><\/li>\n<\/ol>\n\n\n\n<div class=\"wp-block-cover alignfull\" style=\"min-height:300px;aspect-ratio:unset;\"><span aria-hidden=\"true\" class=\"wp-block-cover__background has-nv-dark-bg-background-color has-background-dim-100 has-background-dim\"><\/span><div class=\"wp-block-cover__inner-container is-layout-flow wp-block-cover-is-layout-flow\">\n<div style=\"height:80px\" aria-hidden=\"true\" class=\"wp-block-spacer\"><\/div>\n\n\n<div class=\"wp-block-image is-style-rounded\">\n<figure class=\"aligncenter size-large is-resized\"><img loading=\"lazy\" decoding=\"async\" width=\"400\" height=\"400\" src=\"https:\/\/colcopy.com\/wp-content\/uploads\/2020\/12\/neve-web-design-studio-03.1.jpg\" alt=\"\" class=\"wp-image-215\" style=\"width:80px;height:80px\" srcset=\"https:\/\/colcopy.com\/wp-content\/uploads\/2020\/12\/neve-web-design-studio-03.1.jpg 400w, https:\/\/colcopy.com\/wp-content\/uploads\/2020\/12\/neve-web-design-studio-03.1-300x300.jpg 300w, https:\/\/colcopy.com\/wp-content\/uploads\/2020\/12\/neve-web-design-studio-03.1-150x150.jpg 150w\" sizes=\"auto, (max-width: 400px) 100vw, 400px\" \/><\/figure>\n<\/div>\n\n\n<div style=\"height:24px\" aria-hidden=\"true\" class=\"wp-block-spacer\"><\/div>\n\n\n\n<p class=\"has-text-align-center has-nv-text-dark-bg-color has-text-color\">\u201cEn el vasto lienzo del papel, las impresoras trazan la epopeya de la informaci\u00f3n, dando vida a cada palabra con la tinta de la innovaci\u00f3n.\u201d<\/p>\n\n\n\n<div style=\"height:80px\" aria-hidden=\"true\" class=\"wp-block-spacer\"><\/div>\n<\/div><\/div>\n","protected":false},"excerpt":{"rendered":"<p>Actualmente la mayor\u00eda de las empresas buscan optimizar tiempo y dinero en todos sus procesos, por esto COLCOPY busca satisfacer las necesidades de sus clientes ofreciendo una manera eficiente de ganar tiempo y ahorrar dinero, alquilando los equipos multifuncionales. Con el servicio de renta o alquiler se busca que el cliente se desentienda de la&hellip;&nbsp;<a href=\"https:\/\/colcopy.com\/?page_id=69\" class=\"\" rel=\"bookmark\">Leer m\u00e1s &raquo;<span class=\"screen-reader-text\">Portfolio<\/span><\/a><\/p>\n","protected":false},"author":1,"featured_media":0,"parent":0,"menu_order":0,"comment_status":"closed","ping_status":"closed","template":"","meta":{"neve_meta_sidebar":"full-width","neve_meta_container":"","neve_meta_enable_content_width":"on","neve_meta_content_width":100,"neve_meta_title_alignment":"","neve_meta_author_avatar":"","neve_post_elements_order":"","neve_meta_disable_header":"","neve_meta_disable_footer":"","neve_meta_disable_title":"on","_themeisle_gutenberg_block_has_review":false,"_ti_tpc_template_sync":false,"_ti_tpc_template_id":"94gtya0n2udx05knf121","footnotes":""},"class_list":["post-69","page","type-page","status-publish","hentry"],"_links":{"self":[{"href":"https:\/\/colcopy.com\/index.php?rest_route=\/wp\/v2\/pages\/69","targetHints":{"allow":["GET"]}}],"collection":[{"href":"https:\/\/colcopy.com\/index.php?rest_route=\/wp\/v2\/pages"}],"about":[{"href":"https:\/\/colcopy.com\/index.php?rest_route=\/wp\/v2\/types\/page"}],"author":[{"embeddable":true,"href":"https:\/\/colcopy.com\/index.php?rest_route=\/wp\/v2\/users\/1"}],"replies":[{"embeddable":true,"href":"https:\/\/colcopy.com\/index.php?rest_route=%2Fwp%2Fv2%2Fcomments&post=69"}],"version-history":[{"count":4,"href":"https:\/\/colcopy.com\/index.php?rest_route=\/wp\/v2\/pages\/69\/revisions"}],"predecessor-version":[{"id":505,"href":"https:\/\/colcopy.com\/index.php?rest_route=\/wp\/v2\/pages\/69\/revisions\/505"}],"wp:attachment":[{"href":"https:\/\/colcopy.com\/index.php?rest_route=%2Fwp%2Fv2%2Fmedia&parent=69"}],"curies":[{"name":"wp","href":"https:\/\/api.w.org\/{rel}","templated":true}]}}